- r**2. Determine m(4).
-3
Let a(p) = 2*p - 2 + 1 - 3*p - 1. Calculate a(-7).
5
Let c(r) = r**2 - 2*r - 6. Suppose 65 = 16*f - 3*f. Determine c(f).
9
Let q(t) = -t**3 - 5*t**2 + 7*t + 2. Let f be q(-6). Let r(c) be the second derivative of c**3/2 + 3*c**2/2 - 4*c. Calculate r(f).
-9
Let s(d) = -d**2 + 10*d + 2. Let v be 8/(-28) - 144/(-14). Let r be s(v). Let o(m) = -4 + 2*m - 2*m + m**r - m. Calculate o(-3).
8
Let x(f) = f + 0*f**3 - 5*f**3 + 4*f**3 - f**2 + 1. Suppose 0 = -2*j + j + 4*l - 4, 2*j + 5 = 5*l. What is x(j)?
1
Let h(j) = j**3 + 5*j**2 - 6*j + 7. Let r be h(-6). Let g(k) = -5*k**2 + 12*k - 4. Let t(f) = -7*f**2 + 14*f - 3. Let b(o) = -3*g(o) + 2*t(o). Determine b(r).
-1
Let c = 145 + -140. Let q(u) = 7*u**2 + 8*u - 11. Let m(t) = 3*t**2 + 4*t - 5. Let f(d) = 9*m(d) - 4*q(d). What is f(c)?
-6
Suppose -5*c = -3*c - 12. Let s = -10 + c. Let f(p) = p**3 + 4*p**2 - 5. Determine f(s).
-5
Let q be 5/(-10) - (-38)/4. Let r(j) = 4*j - 6 + j**3 - j + 4*j**2 - q*j. Determine r(-5).
-1
Suppose 0 = 5*a + 2*u - 20, 5*a - u - 1 = 34. Suppose -2*y + 2 = -s, -2*y - s - a = -4*s. Let v(d) = 2*d**3 - d**2 - 3*d**y + d + 0*d**2 + 1. Determine v(-1).
0
Let l be (-2 + -8)*1/(-2). Let b(q) = -q + 12. Determine b(l).
7
Let s(h) = -7*h - 2. Suppose 13 = -2*t + 9. Give s(t).
12
Suppose -3*x = -4*h - 5*x + 18, 5*h + 5*x = 20. Let p(g) be the third derivative of -1/15*g**h - 2/3*g**3 + 0*g + 0 + g**2 - 1/120*g**6 - 5/24*g**4. Give p(-3).
2
Suppose 2*w - 3 = w. Let o be (w/(-5))/(6/30). Let q(l) = 2*l - l + l + l**2 + 3. Give q(o).
6
Let u(m) = -4*m**3 - m + 3*m**3 - m**2 + 98571 - 98564. Let v be 1/2*0/(-1). Let g = v + 0. Calculate u(g).
7
Let h be (2 - -1) + 0/(-2). Let v(l) be the first derivative of -l**2/2 - l - 2. Give v(h).
-4
Let b(o) = o**3 - o - 1. Let m(a) = -5*a**3 + 5*a**2 + 11*a + 2. Let f(d) = -4*b(d) - m(d). What is f(6)?
-4
Let u be (-1)/((-35)/17 - -2). Suppose 3*f - u = -8. Let x(q) = -1 + 0 + 5*q - 6*q - 2. Determine x(f).
-6
Suppose -5*k + 5 = 10. Let h be (k/(-3))/((-2)/(-18)). Let c(n) = -15*n**2 - 7. Let u(m) = 7*m**2 + 3. Let f(a) = 6*c(a) + 13*u(a). What is f(h)?
6
Suppose -x - 4*n = -2*x - 13, 4*n - 25 = -3*x. Let y(w) = -4*w - 3*w - w**3 + x + 11*w - 3*w**2 - 2*w. Calculate y(-4).
11
Let z = 1 + 3. Suppose -z*i + i = -6. Let h(j) = -2*j**2 + 0*j**2 + 3*j**i. What is h(3)?
9
Let h be 1/(5/35) - -3*1. Let x(n) = n**2 - 12*n + 13. Calculate x(h).
-7
Suppose g + 14 = 4*t, 0 = -2*t + 6*t + 4*g - 4. Let r(m) = -t*m - 2 + 3 + 4*m. Calculate r(-7).
-6
Let c = 15 + -12. Let a(r) be the second derivative of r**3/6 - 2*r**2 - r. What is a(c)?
-1
Let t(r) = 2*r. Suppose -5*a + 6 = -9. Let d(l) = -6*l + a*l**2 + l - 3 - 4*l**2. Let q be d(-5). What is t(q)?
-6
Let o(s) = -7*s + 1. Let n(l) = -l + 1. Let y(w) = 4*n(w) - o(w). What is y(-5)?
-12
Let n(f) = 6*f**3 + 2*f**2 - 1. Let h = 6 + -7. What is n(h)?
-5
Suppose 21 = 4*y + 5. Let w(u) be the third derivative of -u**5/60 + u**4/6 + 6*u**2. Give w(y).
0
Let o(q) = -2*q - 1. Let n(y) = -y - 1. Let h be n(-5). Let k be h/(-14) + (-10)/14. Let m = 0 - k. What is o(m)?
-3
Let u(y) = 2*y. Let x be (-4 - 0)*14/4. Let r be (7/(x/(-12)))/2. Suppose -o - 8 = 2*o + 5*t, o - 2 = r*t. Determine u(o).
-2
Let p(q) be the second derivative of -q**6/360 + q**5/60 - q**4/12 - q. Let i(j) be the third derivative of p(j). Suppose -5*c - 4 = 6. Determine i(c).
6
Suppose t = -d - 2*t + 10, 2*d + 2*t - 4 = 0. Let a(o) = 2*o**3 + 3*o**2 + 2*o + 3. Calculate a(d).
-5
Let g be 3*1/6*(4 + -6). Let x(l) = -4*l**3 - l**2. Determine x(g).
3
Let b = 7 + -8. Suppose 2*y - 8 = -3*m + 3*y, 2*y = 2*m - 8. Let k(d) = 2 - 2 - 3*d**m. Calculate k(b).
-3
Let r(n) = 2*n**2 - 5*n - 4. Suppose -2*v + y + 3 = -0*v, 5*v = 3*y + 5. Determine r(v).
8
Suppose 4*m + 5*k - 2*k + 7 = 0, -3*m = k + 4. Let r(o) = -o**3 - o**2 + o + 1. Determine r(m).
0
Let v(i) = -i**3 - 5*i**2 - 4*i + 4. Let w = -2 + 6. Suppose 5*r + 35 = 5*a, -2*r + 3*r = -w*a + 8. Give v(r).
4
Let x(p) = -2*p - 9. Let g = 91 - 97. Calculate x(g).
3
Let k(g) = 6*g + 1. Let w(v) = v. Let p(r) = -k(r) + 5*w(r). Determine p(6).
-7
Let z(y) = -2*y + 4. Let b be (-3 + 4)*(6 + 0). What is z(b)?
-8
Let j(v) = 4*v + 19. Let r(g) = 3*g + 13. Let q(z) = 5*j(z) - 7*r(z). Calculate q(4).
0
Let j(t) = -2*t**2 + 3*t + 3. Suppose -m + 4 = 1. What is j(m)?
-6
Let h(t) = t**3 - t. Let d(a) = 7*a**3 + 2*a**2 - 10*a - 3. Let j = -11 - -19. Let g be j/4*2/(-4). Let b(m) = g*d(m) + 6*h(m). What is b(-3)?
0
Let b = -17 + 19. Let y(g) = b - 4*g**2 + 3*g**2 + g**2 + g**2 + 2*g. Calculate y(-2).
2
Suppose 2*z + 2*u + 0 = 10, -4*z = -2*u + 10. Let i(w) = 2*w**3 + z*w + 3*w - 4*w. Let c be (-1)/2*(-8)/(-4). Calculate i(c).
-1
Let f(n) = 3*n + 2 - 4 - 2*n - 4. Suppose -5*j + 4*o = -34, 3*j + 5*o = -j + 19. What is f(j)?
0
Let g(h) = -h**2 + 4*h + 5. Let w be (24/(-18))/((-2)/(-45)). Let y be (4/(-10))/(2/w). What is g(y)?
-7
Let m(p) = p + 5. Let s = 39 + -34. What is m(s)?
10
Let z = 32 + -20. Suppose 8 = r + z. Let o(p) = p**3 + 5*p**2 + 4*p - 1. What is o(r)?
-1
Let w(j) be the first derivative of j**2/2 - j + 16. Calculate w(6).
5
Let g(p) = -p + 14. Suppose -3*s = -h + 9, 0 = 2*s - 3 + 5. Calculate g(h).
8
Let z(u) = -4*u**2 + 8*u**2 + 6*u - 5*u**2 - 3. What is z(3)?
6
Let p(a) = a + 6. Let t(l) = -l - 5. Let h(w) = 4*p(w) + 3*t(w). Determine h(-12).
-3
Let k be 4 - 0*(-1)/(-3). Suppose 0 = 5*q - n + 29, k*q + n = -4*n - 29. Let x(z) = z**2 + 5*z - 5. Give x(q).
1
Let c(a) = -4*a - 1 + 4*a + 13*a**2 + a - 3*a. Calculate c(-1).
14
Let g(y) = -4*y**3 - y**2 + y - 1. Suppose -4*r + 21 = 3*i, -i - i + 9 = r. Suppose 2*w - r*w + 1 = 0. Give g(w).
-5
Let r = -24 + 27. Let l(g) = g**2 + 6*g. Let c(k) = 2*k**2 + 7*k. Let x(o) = r*l(o) - 2*c(o). Determine x(4).
0
Suppose -9*d + 6*d = -12. Let m(a) = a. Let k be m(d). Let x(g) = -g**3 + 3*g**2 - g + 3. What is x(k)?
-17
Let y = -11 - -3. Let x = 5 + y. Let s(o) = 2*o - 5*o + o. What is s(x)?
6
Let a(x) be the first derivative of -x**2/2 - 3*x - 7. Give a(-2).
-1
Let t(l) = -l**2 - l**2 + 5*l - 4*l**2 - 1 - l**2 + l**3. What is t(6)?
-7
Let p(m) = m**3 - 2*m**2 - 4*m + 3. Let j be p(3). Let k(c) = 3*c**2 + 4*c**2 + c**3 + 3 - 4 - 6*c**2. Give k(j).
-1
Let n(r) be the third derivative of r**6/120 + r**5/60 - r**4/8 - r**3/2 - 5*r**2. Give n(-3).
-12
Suppose 6*s - 13 = 23. Let i(g) = g**3 - 5*g**2 - 8*g + 6. What is i(s)?
-6
Let m(c) = c**2 - 8*c + 7. Let o be m(7). Let p be 0/(-1*2 - 0). Let d(g) = p*g + 0*g - 3 - g**2. Determine d(o).
-3
Let l be (1 + 2)/(9/30). Let j = 7 - l. Let o be ((-4)/(-3))/((-1)/j). Let a(t) = t**2 - 5*t + 5. Give a(o).
1
Let x be 90/27*12/10. Let z(r) be the first derivative of 0*r**3 - 1 + 1/4*r**x - 2*r + 0*r**2. Calculate z(-2).
-10
Suppose -3*f = -5*i + 9, f - 1 = 5*f - 3*i. Suppose 0 = z - 5*h + 18, 0 = 5*z - 2*h - 2*h + 6. Let d(a) = 3*a + a**2 - 3*a**2 - z*a**2 + a**3. What is d(f)?
-2
Suppose -o - o - 6 = 0. Let r be -1*2 - 12/o. Suppose -3*p = -3*j - 6, -3*j = p - 2*p - r. Let n(x) = 4*x - 3. Calculate n(j).
5
Suppose 2*d = 4*d - 20. Let c(h) = d*h + 41 - 41. Determine c(-1).
-10
Let g(y) = -2*y - 3 + 2*y + y. Let o be g(2). Let b(l) be the first derivative of 2*l**2 + l + 3. Give b(o).
-3
Let v(k) = -4*k + 1. Let g(u) = 7*u - 3. Let c(l) = 2*g(l) + 5*v(l). Let w(z) = -z + 7. Let y be w(8). What is c(y)?
5
Let y(q) = 10*q - 2*q + 3*q - 1. Give y(2).
21
Let p(k) = -k**3 + 5*k**2 + 8*k - 6. Let y = 1 - 6. Let z be y/((-15)/(-6)) + 1. Let f be z/((-7)/6 + 1). What is p(f)?
6
Let q(f) = -5*f**2 - 5. Let a(x) = 6*x**2 + 6. Let i(k) = k**3 - 5*k**2 + 6*k - 4. Let z be i(4). Let l(p) = z*a(p) + 5*q(p). Determine l(0).
-1
Let x(s) = 2*s**3 + 2*s**3 - 5*s**3 + 2*s. Let w be x(2). Let n(j) = j**3 + 3*j**2 - 4*j - 2. What is n(w)?
-2
Let w(g) be the third derivative of -g**7/2520 - g**6/720 - g**5/120 - g**4/8 - 2*g**2. Let k(i) be the second derivative of w(i). Determine k(0).
-1
Suppose -1 - 8 = 3*n. Let v(z) = -z**2 - 6*z - 2. What is v(n)?
7
Let s(d) = -d**2 - 5*d + 2. Let v be s(-5). Let u = 4 - v. Let k(m) = -m**2 - m + 2*m**2 + 4*m**3 - 1 + u*m. Give k(1).
5
Suppose 4*j + 2 = -y + 24, 15 = j + 5*y. Let c(a) = a**2 - 6*a - 1. Determine c(j).
-6
Let r(c) = 5*c**2 - c - 4. Let l(w) = -w**2 + 1. Let f(t) = -9*l(t) - 2*r(t). S